{"id":261,"date":"2020-03-23T07:33:06","date_gmt":"2020-03-23T06:33:06","guid":{"rendered":"https:\/\/tramelan.associationbaptiste.org\/?page_id=261"},"modified":"2020-03-30T10:05:25","modified_gmt":"2020-03-30T08:05:25","slug":"qui-sommes-nous","status":"publish","type":"page","link":"https:\/\/oratoiretramelan.ch\/index.php\/qui-sommes-nous\/","title":{"rendered":"Qui sommes nous"},"content":{"rendered":"\n<p>Notre assembl\u00e9e, fond\u00e9e \u00e0 Tramelan en 1893, <strong>appartient aux  \u00c9glises issues de la R\u00e9forme protestante<\/strong>. Familles, jeunes, et personnes \u00e2g\u00e9es du village, nous aimons tous nous retrouver dans la joie de la pr\u00e9sence du Seigneur.<\/p>\n\n\n\n<p>Nous avons d\u00e9couvert la Bonne Nouvelle d&rsquo;un Dieu qui nous aime et qui d\u00e9sire nous conduire dans une relation vivante avec lui. Il a manifest\u00e9 son amour au travers de J\u00e9sus-Christ, mort sur la croix pour nos fautes et ressuscit\u00e9 pour nous justifier devant lui. Cet accent sur <strong>une relation personnelle avec Dieu<\/strong> se manifeste par notre conception du bapt\u00eame : comme pour les premiers chr\u00e9tiens, il est pour nous l&rsquo;expression d&rsquo;une adh\u00e9sion \u00e0 J\u00e9sus-Christ et \u00e0 sa parole que nous cherchons \u00e0 mettre en pratique dans notre v\u00e9cu au quotidien, <strong>avec l&rsquo;aide de l&rsquo;Esprit de Dieu<\/strong>.&nbsp;<\/p>\n\n\n\n<p>C&rsquo;est pourquoi <strong>nous d\u00e9sirons partager<\/strong> avec chacun les richesses de cette vie nouvelle que nous apporte l\u2019\u00c9vangile.<\/p>\n\n\n\n<p>Notre \u00c9glise appartient \u00e0 une union d&rsquo;\u00c9glises r\u00e9unissant des \u00c9glises baptistes de Suisse, de France et de Belgique (voir site internet ici : <a href=\"https:\/\/www.associationbaptiste.org\/accueil\" target=\"_blank\" rel=\"noreferrer noopener\" aria-label=\" (s\u2019ouvre dans un nouvel onglet)\"><strong>AEEBLF<\/strong><\/a>)<br><\/p>\n","protected":false},"excerpt":{"rendered":"<p>Notre assembl\u00e9e, fond\u00e9e \u00e0 Tramelan en 1893, appartient aux \u00c9glises issues de la R\u00e9forme protestante. Familles, jeunes, et personnes \u00e2g\u00e9es du village, nous aimons tous nous retrouver dans la joie &hellip; <\/p>\n","protected":false},"author":4,"featured_media":345,"parent":0,"menu_order":0,"comment_status":"closed","ping_status":"closed","template":"","meta":{"footnotes":""},"class_list":["post-261","page","type-page","status-publish","has-post-thumbnail","hentry"],"_links":{"self":[{"href":"https:\/\/oratoiretramelan.ch\/index.php\/wp-json\/wp\/v2\/pages\/261","targetHints":{"allow":["GET"]}}],"collection":[{"href":"https:\/\/oratoiretramelan.ch\/index.php\/wp-json\/wp\/v2\/pages"}],"about":[{"href":"https:\/\/oratoiretramelan.ch\/index.php\/wp-json\/wp\/v2\/types\/page"}],"author":[{"embeddable":true,"href":"https:\/\/oratoiretramelan.ch\/index.php\/wp-json\/wp\/v2\/users\/4"}],"replies":[{"embeddable":true,"href":"https:\/\/oratoiretramelan.ch\/index.php\/wp-json\/wp\/v2\/comments?post=261"}],"version-history":[{"count":7,"href":"https:\/\/oratoiretramelan.ch\/index.php\/wp-json\/wp\/v2\/pages\/261\/revisions"}],"predecessor-version":[{"id":416,"href":"https:\/\/oratoiretramelan.ch\/index.php\/wp-json\/wp\/v2\/pages\/261\/revisions\/416"}],"wp:featuredmedia":[{"embeddable":true,"href":"https:\/\/oratoiretramelan.ch\/index.php\/wp-json\/wp\/v2\/media\/345"}],"wp:attachment":[{"href":"https:\/\/oratoiretramelan.ch\/index.php\/wp-json\/wp\/v2\/media?parent=261"}],"curies":[{"name":"wp","href":"https:\/\/api.w.org\/{rel}","templated":true}]}}

<p>Notre assemblée, fondée à Tramelan en 1893, <strong>appartient aux  Églises issues de la Réforme protestante</strong>. Familles, jeunes, et personnes âgées du village, nous aimons tous nous retrouver dans la joie de la présence du Seigneur.</p>



<p>Nous avons découvert la Bonne Nouvelle d&rsquo;un Dieu qui nous aime et qui désire nous conduire dans une relation vivante avec lui. Il a manifesté son amour au travers de Jésus-Christ, mort sur la croix pour nos fautes et ressuscité pour nous justifier devant lui. Cet accent sur <strong>une relation personnelle avec Dieu</strong> se manifeste par notre conception du baptême : comme pour les premiers chrétiens, il est pour nous l&rsquo;expression d&rsquo;une adhésion à Jésus-Christ et à sa parole que nous cherchons à mettre en pratique dans notre vécu au quotidien, <strong>avec l&rsquo;aide de l&rsquo;Esprit de Dieu</strong>.&nbsp;</p>



<p>C&rsquo;est pourquoi <strong>nous désirons partager</strong> avec chacun les richesses de cette vie nouvelle que nous apporte l’Évangile.</p>



<p>Notre Église appartient à une union d&rsquo;Églises réunissant des Églises baptistes de Suisse, de France et de Belgique (voir site internet ici : <a href="https://www.associationbaptiste.org/accueil" target="_blank" rel="noreferrer noopener" aria-label=" (s’ouvre dans un nouvel onglet)"><strong>AEEBLF</strong></a>)<br></p>

<p>Notre assemblée, fondée à Tramelan en 1893, appartient aux Églises issues de la Réforme protestante. Familles, jeunes, et personnes âgées du village, nous aimons tous nous retrouver dans la joie &hellip; </p>
